4 - (7 + 2) - -7) + -1.
-7
What is -36 + (80 - (-4 + 40))?
8
What is 19 + (-73 + 32 - -31)?
9
Evaluate 0 + -1 - (8 - 33 - -18).
6
Evaluate (-3 - 31 - -5) + 41.
12
Evaluate 37 - (-116 + 133 + 1 + -15).
34
What is (-1 - -12 - -13) + -13?
11
What is 4 - 3 - (-2 - (16 - (5 + 1)))?
13
Calculate -3 - 9 - (5 + (-1 - (-8 - -5))).
-19
What is (135 - 144) + 2 + 8?
1
Calculate 7 - (-7 - (-15 + 0 + -3 + 4)).
0
Calculate 5 - 11 - (-65 + 49 + 10 + 0).
0
Calculate -22 - ((-10 - -1) + (21 - (1 + 15))).
-18
(26 - 27) + (-5 - -15)
9
Evaluate 7 - ((-12 - -50) + -29).
-2
What is (31 - (9 - -5)) + 0 + -14?
3
Calculate -3 + (-20 - 1) + 18 + -9.
-15
What is the value of 18 + (6 + -14 - -9)?
19
-1 + -1 - (4 - (-16 + 25)) - -2
5
What is 12 + -1 - (-731 + 719)?
23
Calculate 13 + (15 - (0 - (13 + -26))).
15
Evaluate -9 + (1 + -1 - -3) + (-3 - -1).
-8
What is 24 - (16 + (11 - 13))?
10
-4 + ((-17 - -11) + 20 + -9 - 13)
-12
What is the value of 33 - (-4 - -1 - 8 - (21 - 38))?
27
-3 + -2 + 9 + 13 - -2
19
Evaluate (0 - -7) + (-14 - 2) - -13.
4
(-57 - -47) + 2 + 47
39
-37 + (-37 - -47) + 11
-16
What is the value of -323 - -329 - (1 + -12)?
17
Calculate -8 - -4 - ((-1 - -1) + 5 - 3).
-6
Calculate -10 - -1 - (93 + -97).
-5
What is the value of -5 + 0 + (-6 - -2 - 0)?
-9
Evaluate 12 + -2 - 3 - (39 + -2).
-30
What is the value of 1 - -13 - (7 + -30 + 28)?
9
8 - (-17 + 13 + 16)
-4
Calculate (-10 - (0 - 0)) + (3 - (-9 + 12)).
-10
Evaluate -7 - (-1 + 39 - 39).
-6
Evaluate -5 + -22 + 32 - (0 + -2 - -20).
-13
What is (-7 - (4 - -5)) + 7?
-9
Calculate (22 - 8) + -3 + -6 + (2 - -5).
12
What is the value of 81 - 104 - (3 - 13)?
-13
What is -12 + -12 + -1 + (91 - 81) - -10?
-5
What is 5 + -4 - (-3 - (-17 + 6))?
-7
Calculate 0 + -3 + 82 + (-69 - 30).
-20
What is (-18 - 13 - -13) + 6 + -4 + -1?
-17
2 + 1 + (-76 - -68) + 6 + 0
1
Calculate 1 - (-1 - -4 - 8 - 0 - -19).
-13
What is -17 + 22 + -1 + -4 + -2?
-2
-9 - ((-1 - 0) + 5 + -39 + 7)
19
What is -1 - -16 - (-17 - (-50 + 26))?
8
Evaluate -5 - (-3 - (3 + -2 + 4 - 6)).
-3
Evaluate -6 + (10 - (-4 + 12) - 9) + 5.
-8
-8 + (-3 - 6 - (-15 - 2))
0
What is the value of -2 + 20 + -30 + 8?
-4
What is (-29 - -21 - (1 + -2 - 6)) + -24?
-25
What is the value of (-11 - (10 - 19)) + -6 + 3?
-5
(8 - -2) + -2 + -7
1
(0 + 4 - 0) + (-13 - (10 + -40))
21
Calculate 25 + -20 - (22 + -9) - -27.
19
What is 3 + 10 + (-23 - -33) + (-2 - 4)?
17
-18 - ((3 - 0) + (12 - 6 - 12))
-15
What is -5 + -2 - (-75 + 75) - -29 - -8?
30
What is the value of (-14 - -6) + -4 + 22?
10
What is the value of -8 + (-8 - -12) + 19 + 1?
16
What is the value of (29 + -14 + -12 - (0 - 3)) + -1?
5
What is 50 - 53 - (6 - 1 - (-5 - -5))?
-8
Evaluate (75 - 81) + 10 + -3.
1
(-14 - (10 + (-13 - 5) - -1)) + 9
2
What is the value of (-1 - -6) + (-694 - -669)?
-20
What is the value of -7 + -15 + 7 + 8?
-7
What is the value of 16 - (-15 - (-35 + 23))?
19
What is the value of -5 + 4 + 3 + (-9 - -6) - -3?
2
What is 0 + -5 - (-48 + 53)?
-10
Evaluate (10 + -4 - 13) + 6 + -2.
-3
-9 + (9 + -3 - 0) + 3
0
Evaluate -3 + (-2 - (-25 + 14)).
6
Evaluate (2 - 2 - -2) + (-306 - -297).
-7
29 + -9 + -8 + 1 + 16
29
Calculate 2 - (-12 + -4 + 25).
-7
-85 + 25 + 49 - (1 - 1)
-11
Evaluate -4 - (-7 + -1 - (6 + -2 + -10)).
-2
0 + 1 + (-32 - (-57 + 22))
4
Evaluate (13 - 3) + (-5 - -4) - -1 - 11.
-1
What is 795 + -798 - (-1 - (-14 + 1))?
-15
Evaluate -28 + 24 + (2 + 1 - -4) + -3.
0
Calculate 11 + (6 + -1 - (8 - -27)).
-19
What is -11 + -3 + (14 - (0 - -3) - 5)?
-8
Calculate -12 - (2 - 2) - (81 - 88).
-5
-1 + -5 - (47 + -44)
-9
Evaluate 11 - -4 - (7 + -5).
13
(27 - (14 - 10)) + (0 - 4) - 4
15
2 + -7 + 14 + -1 + 8
16
Calculate (9 - (-8 - ((-9 - -8) + 4))) + 1.
21
Calculate -1 - ((8 - 4) + (4 - 1 - 8)).
0
Evaluate -4 - ((-3 - 1) + (77 - 64)).
-13
What is -7 - (10 + -32 + (7 - 0))?
8
What is 14 - 0 - 12 - (41 - 4) - -10?
-25
Evaluate 12 + (-20 + -16 - -11).
-13
Calculate 4 - ((-8 - -5) + 15).
-8
Evaluate 18 + -8 + -4 + (1 - -2).
9
Evaluate 5 - 2 - (6 + 1 + (-18 - -14)).
0
10 + (-1 - -4) + -21 + 9
1
What is 15 - 13 - (17 - (8 + -5 + -3))?
-15
6 + (-9 + 21 + -15 - 1)
2
Calculate 3 + -1 + (-43 - -37).
-4
5 + -13 + 12 + -2 + -3
-1
Evaluate -8 - (12 + -5) - (-2 - 0 - 4).
-9
Evaluate 26 - 36 - (-3 - (2 - -2)).
-3
What is 5 - ((4 - 14) + 31) - 15?
-31
What is the value of -2 + -17 + 3 - (-19 - 16)?
19
Evaluate 8 + -7 + -1 + -8 + 2 + -1.
-7
-8 + 11 + -12 + 13 - 19
-15
Evaluate (27 - (-20 + 29)) + 10.
28
What is -7 + (0 - (-29 + -8 + 16))?
14
What is the value of -13 - (21 + -52) - 36?
-18
Evaluate -9 - -11 - -1 - 4.
-1
What is 15 + 3 + (75 + -33 - 45)?
15
What is the value of 5 - (1 + -17) - 6?
15
Evaluate (15 - 27) + 13 - 14.
-13
What is -1 - -11 - (-1 + -10 + -18 + 27)?
12
Calculate -15 + 8 + -1 + 4 + (6 - 0).
2
Calculate -539 - -509 - (-38 - -1).
7
Evaluate 45 + -52 + ((1 - 0) + 6 - 2).
-2
What is the value of 142 - 144 - (5 + (1 + 0 - 0))?
-8
Calculate 3 + (4 - 9 - 3) - (79 + -78).
-6
What is -14 - (-18 + -1) - -4?
9
Calculate 2 - 29 - (-31 - -14).
-10
9 + 32 + -19 + -2
20
Calculate 4 + 40 + (-12 - 5) + (1 - 7).
21
What is 6 + (-10 - -5) + 1?
2
What is the value of -8 - (-6 + 6 + (9 - 2))?
-15
-9 + -10 - 6 - (14 + -3 - 19)
-17
7 - (-18 + -4 + 15 - (-16 + 0))
-2
(-2 - (-3 - -4)) + (12 - 2 - 10)
-3
Evaluate (0 - 21) + 39 + (-99 - -73).
-8
What is the value of -8 + ((-8 - 3) + 6 - -7 - 4)?
-10
What is (-4 - 0) + 0 - ((-16 - -2) + 14)?
-4
What is 11 - (7 + -12) - 13?
3
What is -9 + 1 - (-8 + (6 - -9))?
-15
Evaluate 10 + (-2 - (-13 + 11 + 5)).
5
Evaluate 9 + (2 + -8 + 7 - -7).
17
Evaluate (-22 - -21) + -20 - -31.
10
12 + -3 + -1 + 1
9
11 - (5 - -1 - (17 - (-12 - -21)))
13
What is -7 + (11 + (-3 - (5 - 6)) - 14)?
-12
What is the value of (23 - (-6 + 26)) + -1?
2
What is the value of -27 - ((1 + 3 - (-4 + 14)) + -2)?
-19
What is (-8 - -4 - -12) + -3 + -9 + -19?
-23
Evaluate 47 - (-70 - -35 - -56).
26
What is 12 + -5 - (-1 - (0 - -2))?
10
What is the value of -24 - (-47 - 2) - 16?
9
0 + -19 + 12 + 12 + -11
-6
What is 57 - (-10 + 19 - -20)?
28
(-14 - (-12 + 18)) + 11
-9
What is -1 + -10 - (-12 + 4 + 9)?
-12
Evaluate 14 + -61 + 21 + (10 - (-1 + -1)).
-14
Calculate 1 - ((-11 - (-1 - 5) - 0) + -2).
8
What is -19 + (-9 - (-23 + 0 + 11))?
-16
(218 - 215) + (-27 - 0)
-24
Evaluate 156 - 162 - (7 + -4 - 10).
1
What is -18 + 11 + 1 + (16 + -2 - 20)?
-12
Calculate 6 - (26 + (32 - 55)).
3
What is -13 + (0 - -11) + -12?
-14
(-19 - (-33 - 8)) + -28
-6
What is -6 + 28 + (1 - -1 - (-43 - -38))?
29
Calculate -2 + 0 + -9 - (15 - 49).
23
What is 38 - (38 + -21) - (0 - -9)?
12
-1 - (-5 + -2) - (-22 - (9 + -31))
6
-7 - (-12 + 14) - (-15 - -10)
-4
199 + -174 + (-17 - 0)
8
Evaluate -32 + 25 - -2 - (2 - 3).
-4
What is (1851 - 1866) + (-4 - (0 - 0)) + -1?
-20
Calculate 12 - 18 - (-4 - 2).
0
(15 - 2) + -90 + 79
2
What is the value of -38 + 39 + (-2 - 9) - -11?
1
What is the value of 0 - ((-21 - -12) + 20)?
-11
What is the value of 9 + 3 - (6 + 25 + -14)?
-5
Calculate -11 - (8 - 5) - -4.
-10
What is the value of (-33 - 0) + (-999 - -1059)?
27
Evaluate (-4 - 13) + 14 + 3.
0
Calculate -7 + (5 - 5) + 15.
8
What is -10 + (-2 - (9 - 5) - -13) + -8?
-11
What is the value of 5 + -5 + 20 - 20?
0
(-29 + 17 - 0) + 11
-1
What is -10 + (-1 + 0 + 4 - -9) + -13?
-11
What is (21 - 4) + -4 - (-5 - -8 - 3)?
13
-7 + 8 + 2 + -17
-14
-7 + (2 - (-1 + -5)) + 5
6
Calculate (449 - 475) + (0 - -7 - 1) + 2.
-18
25 + -5 - (-13 + (13 - -10))
10
Calculate -2 - (-11 + -10 + 18 - (1 + -23)).
-21
What is 58 - 67 - (0 - 10)?
1
Calculate 3 + -4 + (8 + 0 - (-33 - -38)).
2
Calculate 121 + -144 - (-5 + 3 + -6).
-15
Evaluate 6 + (1 - (-1 + (5 - (4 - 5)))).
2
What is the value of 4 + 0 + -2 - (78 - 71)?
-5
(14 - (22 + -34)) + -17
9
What is the value of (1 - 13) + 20 - (-1 + 0 - -10)?
-1
What is (-6 - (-9 + 1 - 2 - -5)) + 7?
6
Evaluate (8 - 10) + (-4 - (2 - (3 + -3))).
-8
What is -16 - ((3 - 15) + -14)?
10
What is the value of 6 + 6 + (-1 - 0) + -91 + 91?
11
What is (-3 - -8) + (-2 + 4 - -5)?
12
-42 + -1 - (-23 + -3 + 0 - -18)
-35
What is the value of -4 + (-15 - -6) - -9 - -20?
16
Evaluate (-41 - (-56 - 2)) + (14 - 2).
29
Calculate 11 + (-2 - -11 - 10).
10
What is 690 + -701 - (9 - 1)?
-19
Evaluate 5 - -3 - (8 + (-9 - 4 - -7)).
6
What is the value of (0 - (-6 + 15)) + (8 - -24 - 12)?
11
Evaluate -32 + (1